 -73))?
53
(1 - -9) + -2 - (97 - 17 - 35)
-37
Evaluate -9 - (18 + (-4 + 11 - 17 - 5)).
-12
-122 + (-55 - (36 + -161))
-52
(1 + 60 - (2 + (5 - -8) - 7)) + 1
54
Calculate -1 + 4 - (-4 - (-14 - -32 - 8)).
17
What is the value of (454 - 451 - (1 + 3 + -1)) + 3?
3
-581 - -573 - (-9 - (-3 + 1))
-1
What is the value of ((-40 - -54) + -23 - (-15 + 2)) + -17?
-13
Evaluate 3 + -19 + 10 - 8 - (-27 + -35).
48
What is the value of -15 + (26 + -25 - -5) + -32?
-41
(47 - 54 - (-14 - 2) - -70) + (11 - -3)
93
-10 - ((6 + (1 - 4 - 0) - 18) + 0)
5
Evaluate -118 - (-34 + 13 + -13 + 5).
-89
(-105 - -120 - 72) + -3
-60
What is the value of -15 - (-1 - 43 - (388 - 373))?
44
Calculate -43 + 102 + -45 + -1 + -59.
-46
(1 - 62) + -583 + 565 + 14
-65
Calculate 63 - (-8 + (-19 - -31) - -10).
49
3 + 0 - 11 - (69 - (49 - -1))
-27
Calculate 1 - 5 - (-3130 + 3176).
-50
What is the value of 7 - (-1 - (12 + 10 + 7) - (-21 - -32))?
48
Evaluate 168 + (-146 - 28) + -24 + 0.
-30
12 + (29 - (-3 + 17) - 14) + 10
23
What is 19 - (-2 + 5) - (-5988 - -5905)?
99
What is 1 + 78 + (6 - (46 - (2 - -45)))?
86
What is -152 + 190 + (30 - 0) + 3?
71
Calculate 18 + 16 + (-12 + -94 - -13 - 1).
-60
Evaluate (-21 - -16) + 5 + -15 + 5 + 5.
-5
What is -69 + 58 + 30 - (-22 - -1)?
40
What is the value of -1 + -2 + 31 - (74 - (65 + 16))?
35
Evaluate -7 + 3 + (-2 + -28 - -26) + (-23 - -1).
-30
What is the value of 13 - (-9 - (15 + -18 - -2))?
21
(61 - 66) + 1 + -1 + 13 - 26
-18
What is the value of 63 + (2 - 1) - 9 - ((9 - 10) + -5)?
61
What is the value of 63 - (20 + 1 + (70 - (84 + -8)))?
48
What is 29 + (23 - 21 - (6 - (2 + 13)))?
40
29 + (25 - 7 - (35 - 6))
18
What is the value of -1496 - -1402 - (-13 - (3 - 0))?
-78
5 + (32 - -26 - 24 - -54)
93
Calculate -1 - (36 + (-29 - 59) + -40).
91
((0 - 6) + (13 - 4) - -5) + -39 + 0
-31
-1 + 1 + 70 - (12 - ((27 - 22) + 2))
65
What is (-39 - -24) + -7 + 22 + -24?
-24
What is -4 + (-1 - (1 - 3)) - (30 - (-67 - -50))?
-50
Calculate -5 + (2 - (50 - 11)) + (9 - -5).
-28
What is 505 + -554 - (2 + -13)?
-38
What is 44 + 46 - ((-11 - -16) + 7 + -22)?
100
What is the value of 1 + -12 - (-84 - (38 + -72))?
39
Evaluate -5 - (-1 + -61 - (-51 + (-12 - -59))).
53
Calculate 12 - (-4 - ((-1 - -5) + -238 + 172)).
-46
Evaluate -1 - (-7 + (15 - 0) + (-44 - (-77 + 25))).
-17
128 + (-17 - (-61 - -78))
94
Calculate 19 - ((-19 - -6 - -24) + 22).
-14
Calculate -10 - -80 - (468 + -452).
54
What is 10 + (-2 - -110) + (-38 - -29)?
109
-7286 + 7263 - (50 + 2 + 0)
-75
Calculate 7 - (27 - (-6 + 17 + 7)).
-2
What is the value of -6 + (-3 - (2 + -3 - 5 - (71 - 77)))?
-9
Calculate (70 - ((-38 - -25) + (-3 - -18))) + -1 + 1.
68
(-1 - (5 - (-33 - -8))) + (-3 - (0 + 2))
-36
What is 108 + (-73 - (67 + -86))?
54
What is the value of -16 + (-9 - -16 - (32 + -44))?
3
Evaluate -62 - (11 + -85 + -21).
33
Evaluate 154 + -70 + -38 - -19.
65
What is 51 + -56 - (8 - (4 - 1)) - -33?
23
What is 28 + 1 + (-62 + 86 - 16)?
37
5 - (0 + 4) - -27
28
What is the value of 12 + (-40 - -40) + -7?
5
Evaluate -90 + 44 + 4 + -1.
-43
2 + (53 - 46) + -4 + (31 + -5 - -1)
32
20 + (60 + (-1 - 32) - 8)
39
Evaluate -11 + (1 - 6 - (-178 + 111)).
51
What is the value of (-20 - (8 + (6 - 13))) + 33?
12
What is -92 + -3 - -92 - (1 + 1 - 1)?
-4
Evaluate 9 + (66 - (7 - -43)).
25
Evaluate 11 - (130 + (-19 - 9 - -11) - -3).
-105
Calculate -5 - -9 - (82 - 90) - 30.
-18
Evaluate 4 + 3 + (4 + 0 - 97) + (0 - -7).
-79
(-21 - -2) + 17 + 3 + -9 + -22
-30
Evaluate -107 - 3 - (3302 + -3348).
-64
What is the value of 1 + -1 - (-3 + -17) - (60 + -89 + 30)?
19
75 + -66 + 60 + (-4 - (1 + -3 + 0))
67
Evaluate (-42 - 10) + 58 + 9.
15
36 - ((-51 - -64) + 16 + -1)
8
Evaluate (14 + 30 - 47) + 19.
16
Evaluate -53 + (3 - (5 - (-11 + 16 + 1 - -6))).
-43
Evaluate (-2 - 43) + (-79 - -115).
-9
Evaluate 2 - (-38 - (-7 + -78)).
-45
Evaluate 15 + -2 + (-69 - -33) + 8.
-15
1 - (3 - (12 + 6)) - -19
35
What is (1 - -14) + 51 - 15 - 24?
27
Calculate 6 + -28 + 50 - 98 - -7.
-63
What is the value of -23 - (-13 - (33 + -23 + -15 + -20))?
-35
-6 + -10 + 4 + 47 - (-1 + 10)
26
What is -1 - 8 - (-17 - -14) - -15 - -39?
48
What is the value of (44 - -10) + -319 + 238?
-27
What is the value of (4 + 8 - (19 + -32 - -26)) + 14 - -3?
16
Calculate (9 + -2 + -13 - (49 - 45)) + 47.
37
Calculate 3 + (-2 - 64) + (40 - 22) + -18 + 7.
-56
What is 3 + (7 - (20 + -10)) + (54 - 53)?
1
What is -38 + -41 + 80 - -13?
14
-6 + (-9 - -10) - 7 - (-22 - 12)
22
Calculate (-1 - (4 + -2)) + (143 - 44 - 59).
37
What is (-914 - -838 - (-18 - 2)) + -15?
-71
(19 - -39 - 24) + -55
-21
What is the value of 18 + 18 - 6 - 20 - (-53 - 1)?
64
What is the value of -63 + (19 - (38 - (16 + 1 - 15)))?
-80
Calculate (-11 - (9 + -22 - 2)) + (-19 + -4 - -3).
-16
51 + -45 + 34 - 6
34
Evaluate -52 - (61 + -96 - -1).
-18
What is the value of 5 - 47 - (-114 - -8)?
64
What is the value of 7 - (56 - (-57 - -24))?
-82
Evaluate -57 + 130 + -33 - 67.
-27
-204 - -195 - (-39 + -10)
40
What is 29 - (31 + (-1 - -7) + -21 + -14)?
27
Evaluate 10 + (4 - (37 + 7 + 2)) + -2.
-34
What is the value of 0 + -8 - (14 + -13 + -6 - 14) - 59?
-48
What is -20 - (-16 - 37) - (-23 - 17)?
73
What is the value of (55 - 57 - -82) + -150?
-70
Evaluate -5 - (-11 + (-11 - -17 - 32)).
32
What is -27 - (18 - 89 - -6)?
38
What is 3961 - 3987 - (5 + -1)?
-30
What is the value of 1 - 1 - (-391 + 387)?
4
(-6 - (10 + -8)) + -2 + 15 + 17
22
Calculate 6 + (-15 - (9 - 14) - 1) - -67.
62
48 + (-12 - 42) - (-5 + (6 - 4))
-3
What is the value of 74 - -22 - (19 - (-10 - (-8 - 20)))?
95
Calculate -7 + (10 - (11 + -2 + -2) - (0 - -14)).
-18
Calculate -5 - ((4 - -11) + -5) - -25 - (-1 + -42).
53
Calculate 25 - 32 - -39 - (7 - -102).
-77
Calculate -72 + 0 + (146 - (36 - -73)).
-35
Evaluate 0 - (-11 + 13) - (2 + -2 - 8).
6
-61 + (44 - -14) - (-62 - (-4 + 7))
62
Calculate (104 - 79) + (-3 - (-8 + 60)).
-30
Calculate 2 - -12 - (196 + -207 - (-2 + -21)) - 21.
-19
Calculate 72 - (43 + -32 + 11).
50
40 + 1 + 6882 + -6870
53
Evaluate (-20 - 7) + 37 + -9 + (15 - 0).
16
Calculate 4 - -8 - (-11 + 68 + 9 + -7).
-47
What is 29 + 16 + -9 + (2 - 2) + 1 + 0?
37
118 + -105 - (15 - (15 + -7))
6
(-116 - -130 - 35) + (-22 + 0 - -2)
-41
What is -79 + -41 + (3 - -90)?
-27
Evaluate 17 + (-25 - -1) + (-8 - 12).
-27
What is the value of -3 + (-5 - -3) + (-8 - -8 - 5)?
-10
(-474 - -487) + 1 + 1 + -3 + 1 + -4
9
Calculate (-100 - -51) + 19 + 14.
-16
Evaluate (-4 - -11) + -43 + -9 - (-48 - -44).
-41
Evaluate (-44 - -69) + -58 + 55.
22
(-6 - (13 - 64 - (-18 + 12 - -4))) + -8
35
Calculate -13 + 29 - (17 + -29).
28
Calculate 17 - (-14 + 111) - (-1 - (4 - (11 + -12))).
-74
What is the value of -25 - (-114 + 219 + -86)?
-44
Calculate 3 - 2 - 22 - (9 - 68).
38
What is the value of 16 - ((-124 - -118) + 0 + 7) - 1?
14
What is (127 - (34 - 58 - -22)) + -19?
110
Calculate 46 + -98 + 67 - (-1 - (2 - -2)).
20
Evaluate -106 + (-10 + -69 + 39 - -43).
-103
Evaluate 2 + (-1 - -13) + -394 + 389 + 117 - 4.
122
What is the value of -10 + (-73 - (28 + -28 + -13))?
-70
What is the value of 38 + -6 + -46 + 44 + 0?
30
What is 3 + -65 + -57 + 1 + 64?
-54
Calculate (61 - 5 - 135) + 52.
-27
Calculate -39 - ((-53 - 35) + 4).
45
Evaluate (-68 - (62 - 159)) + -42.
-13
-2 + -1 + (559 - 534 - ((-91 - 0) + 2))
111
What is the value of (-2 - 49) + (-12 - -32) + -6 + -13 + -4?
-54
What is the value of -30 + 1 + 324 + -334 + -7 - (1 - -9)?
-56
Evaluate -48 - (17 + -46 + -13).
-6
Evaluate -48 - (7 - 39 - (-23 + -11)).
-50
What is the value of -2 - (-7 - (-12 + -7 - -30 - (-1 - -10)))?
7
Evaluate (-43 - (8 - 4) - -30) + 39.
22
Evaluate -27 + (10 - (-16 + 41 + -10 + -8 + 6)).
-30
Evaluate (12 - 2) + (29 + -54 + 31 - 20).
-4
What is the value of 5 + 40 + (1088 - 1166)?
-33
Evaluate 0 - -149 - (14695 + -14639).
93
Calculate 88 - (-48 + -19 - -100).
55
What is the value of -1547 + 1596 + (-11 - -3)?
41
What is the value of 90 - (-63 + -32 - -202)?
-17
What is 13 - (-32 + -7 - -44)?
8
What is the value of (5 + 5 + -6 + 5 - 7 - -2) + 3?
7
Calculate (5 - 42) + -30 + 0 + -27.
-94
(14 - 7) + 4 + 20 + (-1 - -2)
32
53 + (-18 - -12) - (38 + 2)
7
Calculate (21 + 13 + -40 - (1 - 15)) + -47.
-39
What is the value of -1 + 0 - 12 - (-92 + 81) - -11?
9
Calculate -27 - (7 - (8 - -2)) - (-11 - -1).
-14
What is -23 + 1 + 3 + (297 - 298)?
-20
(4